of a and o.
3
Let j be (0/1 + -79)*-1. Suppose -5*b = -856 - j. Calculate the highest common divisor of 17 and b.
17
Suppose -4*o = -2*v - 72, 0*v - 2*v = -3*o + 54. What is the greatest common divisor of o and 27?
9
Let k = 57 + 11. Calculate the highest common divisor of k and 170.
34
Suppose -33 = 2*j + 5*q, -4*q = -2*j - j + 8. Let s be (-18)/j*(18 - 0). What is the highest common factor of s and 9?
9
Let j = -2 - -6. Suppose -3*q - 53 = -j*r, -4*r - r + 100 = 3*q. Suppose y = 3*o + 20, -o = -2*y + r - 2. What is the highest common divisor of y and 10?
5
Suppose -4*g = -g - 192. Let a = -119 - -215. What is the greatest common factor of a and g?
32
Let u = 2 - -3. Let x = -3 + u. Let l = x - -4. Calculate the greatest common divisor of 24 and l.
6
Let d = 7 - 6. Let f be 2/6*d*6. Suppose 0 = -2*j - 4*h + 100, f*h = -h + 9. Calculate the highest common divisor of j and 110.
22
Let q = 49 - 38. Calculate the highest common factor of q and 33.
11
Let j(l) = 3*l**2 + 2*l - 5. Let k be j(-6). Let z(h) = -h**3 + 8*h**2 - h - 5. Let o be z(8). Let x = 26 + o. What is the highest common factor of k and x?
13
Let a be -6*(-15)/6 - 3. What is the highest common divisor of 18 and a?
6
Suppose 0 = 7*f - 3*f + 252. Let k be (-7)/(f/6)*6. Calculate the highest common divisor of 16 and k.
4
Suppose 5*j + 16*j - 1155 = 0. Let b(v) = 4*v**2 + 2*v - 1. Let g be b(1). What is the greatest common factor of g and j?
5
Let m be ((-48)/36)/(4/(-9)). What is the greatest common factor of m and 6?
3
Let g(f) = -f - 4. Let n be g(-7). Let l be n*1*(0 - 1). Let v be (-166)/l*3 + 2. Calculate the greatest common factor of 24 and v.
24
Suppose -i + 160 = 2*i - b, -3*b = 5*i - 248. Suppose -5*f + 33 = -i. What is the highest common divisor of 153 and f?
17
Suppose -2*f - 2*c = 2*c - 42, 3*c = -6. Suppose 6*h = 4*h + 50. Calculate the greatest common divisor of h and f.
25
Suppose 2*r - 2*j - 18 = 0, 2*j = 4*r - r - 28. Let f(s) = -2*s**3 - 3*s**2 + s - 4. Let u be f(-3). What is the greatest common divisor of u and r?
10
Let f = -9 - -38. Let z = -13 - -34. Let m = f - z. What is the greatest common factor of 4 and m?
4
Let f(n) = -n**3 - 9*n**2. Let c be f(-9). Let b = 5 - c. Let p = 14 - b. Calculate the greatest common factor of p and 18.
9
Let t be (3 - 23)*(-1)/2. Suppose -r - 4*r = -t. What is the greatest common factor of 22 and r?
2
Let t(n) = 9*n - 2. Let o be t(1). Suppose 0 = 2*y - o*y + 160. Suppose -q + 40 = 4*q. Calculate the highest common divisor of y and q.
8
Suppose -30 = -4*p - o, -5*p + 45 = 3*o + 2*o. Suppose h - p = -0*h. What is the highest common divisor of 77 and h?
7
Let j be (7/2)/(4/24). Suppose 1 = 3*c - 4*z, 2*z - z = 5*c - 13. What is the highest common divisor of j and c?
3
Let o = 6 - -2. Calculate the highest common divisor of 12 and o.
4
Let y(g) = g**2 + 3*g - 3. Let n be y(3). Suppose -4*t + n = -69. Let j = 24 + -17. Calculate the highest common divisor of j and t.
7
Let n be (2 + 0)/((-2)/4). Let c = -1 - n. Let l be ((-378)/(-3))/c + -2. What is the highest common factor of l and 5?
5
Let t(b) = b**3 - 16*b**2 + 21*b. Let f be t(15). Calculate the greatest common divisor of 60 and f.
30
Let h(t) = t**3 - 6*t**2 + 7*t - 7. Let w be h(5). Calculate the greatest common divisor of 15 and w.
3
Suppose -2*p + 169 = -139. What is the greatest common divisor of p and 22?
22
Let h(c) = 27*c + 7. Let b(x) = -54*x - 13. Let v(t) = 4*b(t) + 7*h(t). Let l be v(-4). Suppose 30 = -k + 3*k. What is the highest common divisor of k and l?
15
Suppose 2*q + 22 = 4*r, 2*r - q = 4*q + 15. What is the greatest common factor of 35 and r?
5
Suppose 126 = -9*l + 6*l. Let i be (0 - 6)*28/l. Calculate the greatest common factor of 36 and i.
4
Let j(i) = -i - 12. Let s be j(-9). Let t(y) = y**2 - y - 3. Let p be t(s). What is the greatest common factor of p and 45?
9
Let f(y) = y**2 + 6*y + 5. Let g be f(-5). Suppose g = n - 4*n. Suppose -2*k = k - 9, n = -4*c + 2*k + 2. What is the greatest common divisor of 16 and c?
2
Let z(x) = -x**2 - 4*x + 10. Let i be z(-8). Let c be (-1)/(i/(-23) - 1). What is the highest common divisor of c and 23?
23
Let k be 2 + ((-26)/(-39))/((-2)/(-21)). Calculate the greatest common factor of 36 and k.
9
Suppose -2*c = -c. Suppose -2*f + 6 + 2 = c. Calculate the greatest common factor of 4 and f.
4
Suppose 5*h - w = 4*w - 25, -4*h - 2*w - 2 = 0. Let s be (h - -9) + (-4 - -1). What is the greatest common factor of s and 2?
2
Let l be (36/15 - 2)*40 + -1. What is the greatest common factor of l and 5?
5
Let k(c) = c**3 + 5*c**2 + 5*c + 2. Let r be k(-3). Let b be r + 2 + 1 - 3. Calculate the greatest common factor of 10 and b.
5
Let r(x) = x**2 + 4*x - 3. Let v be r(-5). Suppose -3*g = -v*g + 2. Let f be (-2 - -6)*(0 - g). Calculate the highest common divisor of f and 40.
8
Let m = 165 - 87. What is the greatest common divisor of m and 26?
26
Let s(w) = 5*w + 7. Let n(k) = -6*k - 8. Let j(t) = 2*n(t) + 3*s(t). Let f be j(10). What is the highest common divisor of 7 and f?
7
Let i(h) be the first derivative of -h**3/3 - 3*h**2 + 6*h - 2. Let z be (-2)/7 - 40/7. Let f be i(z). Calculate the highest common divisor of f and 42.
6
Let j(u) = -u - 4. Let b(l) = -l - 4. Let v(m) = -3*b(m) + 4*j(m). Let z be v(-4). Let s = z + 1. Calculate the greatest common factor of 2 and s.
1
Suppose 5*w - 2*f - 512 = 0, -f - 324 = -3*w - 4*f. What is the greatest common divisor of 78 and w?
26
Suppose -199 = 5*o + 11. Let t be o/12 - (-2)/(-4). Let i be (-11)/(-3 - 10/t). Calculate the highest common divisor of 11 and i.
11
Let g = 15 - 10. Suppose 0*k + 35 = k. Calculate the highest common factor of g and k.
5
Suppose 2*c = 5*u + 39 + 229, -2 = 2*c. Let d = u - -78. What is the greatest common factor of 24 and d?
24
Let s(q) = -q**2 + 29*q - 26. Let v be s(23). What is the greatest common divisor of 14 and v?
14
Suppose 2*r - 3 - 5 = 0. Suppose -1 = -o - 0. Let z be (1 + -19)*(-2)/o. Calculate the highest common factor of r and z.
4
Let w be ((-2)/4)/(1/(-6)). Suppose -j + w*j = 36. What is the highest common factor of j and 198?
18
Let a(n) = -1 - 2 - 3*n**3 + 5*n**3 - 4*n**2. Let p be (2 + 1)*(-1)/(-1). Let z be a(p). What is the highest common factor of z and 10?
5
Let q(d) = -d + 12. Let s be q(8). What is the highest common factor of 1 and s?
1
Let n be ((-36)/16)/(12/(-160)). Calculate the highest common factor of n and 80.
10
Suppose 0 = -5*l - x + 70, 46 = 2*l + 2*x + 2*x. Let q be -8*39/6*-1. Calculate the greatest common divisor of q and l.
13
Let v(l) = 18*l + 0 + 15*l - 1. Let h be v(1). Calculate the highest common divisor of 48 and h.
16
Let g be (1/2)/(3/132). Let o(r) = r**3 - 7*r**2 + 4*r + 5. Let x be (28/(-6))/(6/(-9)). Let s be o(x). Calculate the highest common divisor of s and g.
11
Let w be 0 - 2 - (3 - -4). Let n be (-66)/w + 8/12. What is the highest common divisor of n and 8?
8
Let h be 2/(-6) - 96/(-18). Suppose -4*t - 7*b = -3*b - 56, -h*b - 14 = -t. What is the greatest common divisor of 14 and t?
14
Suppose 7*q = 4*q - 6. Let k be (-3)/(((-3)/(-2))/1). Let a be (-9)/k + 1/q. Calculate the greatest common divisor of 32 and a.
4
Suppose 2*b - 5*h = 38, 4*h - 125 + 30 = -5*b. Let s = 8 + -4. Suppose -b = -s*u + 33. Calculate the highest common divisor of u and 143.
13
Let g be 59 - -5 - (0 - 0). Calculate the highest common divisor of g and 96.
32
Let s = 128 - 73. Calculate the greatest common factor of 5 and s.
5
Let a be 0/2 - (-1 - 1). Suppose a*l + 3*t = 3, 3*l - 26 = 5*t + 26. Calculate the highest common factor of 9 and l.
9
Suppose -49 = -4*t + a + 85, 3*a = -2*t + 60. Let l = 25 - 14. What is the highest common factor of l and t?
11
Suppose 4*l - 11 - 9 = 0. Suppose -b - 2*w = -l*b + 18, 9 = -3*w. Calculate the greatest common factor of b and 33.
3
Let h(p) = p**3 - 8*p**2 + 10*p - 20. Let g be h(7). What is the greatest common divisor of 3 and g?
1
Let r be (-744)/(-15) + (-10)/(-25). What is the greatest common divisor of r and 10?
10
Let s(d) = 3*d**2 - 12*d - 2. Let u be s(5). What is the greatest common divisor of 65 and u?
13
Let g(n) = -n. Let v be g(0). Suppose 5*t - 3*u - 2*u = 60, v = -u + 1. What is the greatest common divisor of t and 26?
13
Let n be 63/(-6)*(-4)/12*2. Let h(j) = -35*j. Let f be 